{"id":35827,"date":"2014-12-25T23:40:37","date_gmt":"2014-12-25T21:40:37","guid":{"rendered":"http:\/\/uk-digital.de\/?page_id=35827"},"modified":"2015-12-27T15:21:02","modified_gmt":"2015-12-27T13:21:02","slug":"14-12-weihnachten-1-0-mf","status":"publish","type":"page","link":"https:\/\/uk-digital.de\/?page_id=35827","title":{"rendered":"14-12 Weihnachten 1.0 MF"},"content":{"rendered":"","protected":true},"excerpt":{"rendered":"","protected":true},"author":1,"featured_media":0,"parent":48549,"menu_order":0,"comment_status":"closed","ping_status":"closed","template":"","meta":{"footnotes":""},"class_list":["post-35827","page","type-page","status-publish","post-password-required","hentry"],"jetpack_shortlink":"https:\/\/wp.me\/P4uvbc-9jR","jetpack_sharing_enabled":true,"jetpack_likes_enabled":true,"jetpack-related-posts":[{"id":59,"url":"https:\/\/uk-digital.de\/?page_id=59","url_meta":{"origin":35827,"position":0},"title":"Impressum","author":"Udo","date":"25 Nov. \u201912","format":false,"excerpt":"Impressum Angaben gem\u00e4\u00df \u00a7 5 TMG: Udo Kempers Neuhofstr. 14 41061 M\u00f6nchengladbach Telefon: +49 (0) 152 56823876 E-Mail: udo at kempers.uk Kleinunternehmer nach \u00a7 19 USTG. Finanzamt M\u00f6nchengladbach Steuer-Identifikationsnummer: 121\/5196\/5329 Haftung f\u00fcr Inhalte Die Inhalte meiner Seiten wurden mit gr\u00f6\u00dfter Sorgfalt erstellt. F\u00fcr die Richtigkeit, Vollst\u00e4ndigkeit und Aktualit\u00e4t der Inhalte\u2026","rel":"","context":"\u00c4hnlicher Beitrag","block_context":{"text":"\u00c4hnlicher Beitrag","link":""},"img":{"alt_text":"","src":"","width":0,"height":0},"classes":[]},{"id":55581,"url":"https:\/\/uk-digital.de\/?page_id=55581","url_meta":{"origin":35827,"position":1},"title":"Datenschutz","author":"Udo","date":"23 Mai \u201918","format":false,"excerpt":"Datenschutzerkl\u00e4rung \u00a0 Diese Datenschutzerkl\u00e4rung kl\u00e4rt Sie \u00fcber die Art, den Umfang und Zweck der Verarbeitung von personenbezogenen Daten (nachfolgend kurz \u201eDaten\u201c) innerhalb unseres Onlineangebotes und der mit ihm verbundenen Webseiten, Funktionen und Inhalte sowie externen Onlinepr\u00e4senzen, wie z.B. unser Social Media Profile auf (nachfolgend gemeinsam bezeichnet als \u201eOnlineangebot\u201c). Im Hinblick\u2026","rel":"","context":"\u00c4hnlicher Beitrag","block_context":{"text":"\u00c4hnlicher Beitrag","link":""},"img":{"alt_text":"","src":"","width":0,"height":0},"classes":[]}],"_links":{"self":[{"href":"https:\/\/uk-digital.de\/index.php?rest_route=\/wp\/v2\/pages\/35827","targetHints":{"allow":["GET"]}}],"collection":[{"href":"https:\/\/uk-digital.de\/index.php?rest_route=\/wp\/v2\/pages"}],"about":[{"href":"https:\/\/uk-digital.de\/index.php?rest_route=\/wp\/v2\/types\/page"}],"author":[{"embeddable":true,"href":"https:\/\/uk-digital.de\/index.php?rest_route=\/wp\/v2\/users\/1"}],"replies":[{"embeddable":true,"href":"https:\/\/uk-digital.de\/index.php?rest_route=%2Fwp%2Fv2%2Fcomments&post=35827"}],"version-history":[{"count":3,"href":"https:\/\/uk-digital.de\/index.php?rest_route=\/wp\/v2\/pages\/35827\/revisions"}],"predecessor-version":[{"id":35831,"href":"https:\/\/uk-digital.de\/index.php?rest_route=\/wp\/v2\/pages\/35827\/revisions\/35831"}],"up":[{"embeddable":true,"href":"https:\/\/uk-digital.de\/index.php?rest_route=\/wp\/v2\/pages\/48549"}],"wp:attachment":[{"href":"https:\/\/uk-digital.de\/index.php?rest_route=%2Fwp%2Fv2%2Fmedia&parent=35827"}],"curies":[{"name":"wp","href":"https:\/\/api.w.org\/{rel}","templated":true}]}}